5
Let p(w) = -w**3 + w**2 + 4*w. Let m(d) = d**3 + 9*d**2 + 7*d - 5. Let a be m(-8). Determine p(a).
-6
Suppose 0*w - 5 = -5*u - 5*w, -3*w = -2*u + 2. Let q = 0 - u. Let o(b) = 3*b + 1. Determine o(q).
-2
Let d(j) be the third derivative of -7*j**5/60 + 4*j**2. Suppose 2*w + 20 = 4*w. Let r be (-2)/8 + w/8. Determine d(r).
-7
Let a(p) = -p**3 + 3*p**2 - 4*p + 5. Let q be a(3). Let r(v) = -v**3 - 6*v**2 + 6*v + 4. Give r(q).
11
Suppose 2*o = -3*i - i + 10, -2*o = 2*i. Let r(j) = 4*j**3 - 4*j**2 - 2*j + 8. Let n(k) = 5*k**3 - 4*k**2 - k + 9. Let p(z) = 3*n(z) - 4*r(z). Determine p(i).
-5
Let t(f) be the second derivative of -f**6/120 + f**5/15 + f**4/24 + f**3/2 + f**2/2 + f. Let y(n) be the first derivative of t(n). Give y(4).
7
Let k(f) = f - f + 13 - 3*f + 4*f - 8. Let j = 0 - 0. Give k(j).
5
Let z(s) = -4*s - 1. Suppose 1 = -3*j + 2*x - 3, 0 = -4*x + 8. Suppose 2*v + 4 = -3*a, j*v + 6 = -3*v. Suppose c - 2*c - 1 = a. Determine z(c).
3
Let q(o) = -3*o**2 + o. Let k be q(-1). Let h(f) = 3*f - 1 + 0 - 2*f**2 - f**3 - f**2 + 0. What is h(k)?
3
Let q(g) be the second derivative of -g**5/20 - g**3/3 + g**2/2 + 4*g. What is q(1)?
-2
Let f = 10 + -15. Let i(o) = o. Let q(t) be the second derivative of t**4/12 + t**3/6 - 5*t**2/2 - t. Let l(a) = 3*i(a) + q(a). Determine l(f).
0
Let g(o) = o**3 + 5*o**2 - 2*o - 6. Let x = -13 + 18. Suppose 0 = -2*d + 2, -5*z - 30 = -x*d. Calculate g(z).
4
Let d(p) = p**3 - p**2 - 1. Let o(u) = 5*u**2 + u - 2. Let h be (2/(-2))/(1 - 2). Let x(k) = h*d(k) + o(k). Give x(-4).
-7
Let u(h) = -h - 1. Let b(k) = -k**3 - 6*k**2 - k - 1. Suppose 5 = 3*q - 2*q. Suppose -30 = -0*z + q*z. Let p be b(z). What is u(p)?
-6
Let t = 5 - 7. Let h = 1 + 0. Let f(g) = -1 + g + g - h. Give f(t).
-6
Let h(g) = 13*g + 1. Let i(x) = x - 3. Let n be i(4). What is h(n)?
14
Let h(i) = 0 - 5*i + 4*i**2 + 9*i - 2 - 5*i**2. Give h(5).
-7
Let d(h) be the first derivative of 7 - 3*h**2 + 1/3*h**3 + 0*h. Let s be -3*(0 + 4/(-3)). Calculate d(s).
-8
Let h(q) = -3 - 3*q + 3 + 2*q. Determine h(6).
-6
Let b(f) be the third derivative of -f**5/120 + f**4/4 + f**3/6 - 2*f**2. Let l(x) be the first derivative of b(x). Give l(4).
2
Let o(z) = z**2 + 5*z + 3. Let w be o(-5). Suppose -w*t + 2 = -0*t - 2*h, -2*t - 3*h = 3. Let p(m) = t - 1 - 9*m + 2. What is p(1)?
-8
Let o(r) = r**2 - 10*r + 3. Let q = 21 - 12. Let i be o(q). Let h(v) = v + 1. Determine h(i).
-5
Let h(o) = 2*o + 0*o - 3*o - 17. Let w be h(-14). Let l(k) be the first derivative of 3*k**2/2 + 4*k - 1. Calculate l(w).
-5
Let a(z) = -7. Let h(r) = 6. Let n(l) = -5*a(l) - 6*h(l). Let v(i) = 5*i. Let m(o) = -n(o) - v(o). What is m(1)?
-4
Let p(y) = y**2 + 7*y + 2. Let b be ((-9)/6 + 2)*0. Suppose j - g = 11, b = -2*j - 0*j - g + 37. Suppose 4*n + 4 + j = 0. Determine p(n).
-8
Suppose 3*f = 4*f. Suppose f*d = -4*d. Let r(l) = l**3 - 8 + l - l. Determine r(d).
-8
Let a(z) = z + 11. Let w be a(-7). Let s(q) = q - q**3 - 4*q**3 + w*q**3 - 7 + 2*q**3. What is s(0)?
-7
Let r(z) be the third derivative of z**6/120 - 3*z**5/20 + 7*z**4/24 + 5*z**3/6 - 7*z**2 + 6*z. Determine r(8).
-3
Let a be -2*1 + (-1 - -3). Suppose 5*z - 3*t + a*t = -25, 0 = 3*t. Let v(u) be the second derivative of u**5/20 + u**4/3 - u**3 - 3*u**2/2 - u. Give v(z).
2
Let z(b) = -7*b**3 + 2*b - 1. Let u(f) = -f**3 + 5*f**2 - 2*f + 1. Let x be u(4). Let a(i) = 2*i - 3. Let j be a(3). Let r be ((-6)/x)/((-2)/j). What is z(r)?
-6
Let j(d) be the third derivative of d**5/120 + 7*d**4/24 + d**3 + 4*d**2. Let n(i) be the first derivative of j(i). Calculate n(0).
7
Let y = -30 - -31. Let g(n) = -5*n - 1. Give g(y).
-6
Let i(y) = 0*y + y - 5*y + 3 + 0*y. What is i(3)?
-9
Let i(h) = -1. Let a(m) = 2*m + 2. Let u(b) = a(b) + 3*i(b). Calculate u(5).
9
Let n(k) = k**3 - k**2. Let s be n(0). Let c(x) be the second derivative of x + 1/20*x**5 + s - 1/2*x**2 - 1/4*x**4 - 2/3*x**3. Calculate c(4).
-1
Suppose -2*p + 20 = -2*m, 5*p - 4*m = 9*p. Let l(s) = s + s + 7 - 4*s. What is l(p)?
-3
Let k(p) = -p - 3. Let c be 1/(0 + 3/9). Calculate k(c).
-6
Let y(v) be the third derivative of -v**6/120 + v**5/6 - v**4/2 + 3*v**3/2 + 14*v**2. Calculate y(9).
-18
Let y(t) = -t - 1. Let m be (4/8)/((-1)/(-4)). Suppose d = m*d. Suppose -4*k + 0*k + 8 = d. Give y(k).
-3
Let g(o) be the first derivative of -o**2 - 11*o + 2. Let m be g(-8). Let r(u) = -u - 5. What is r(m)?
-10
Let n be 2/(-3) + (-39)/9. Let j(l) be the second derivative of -l**3/6 - l**2 + 20*l. Give j(n).
3
Let v = -3 - -6. Suppose 4*f + 12 = 0, 2*g - 3*f = -v*g - 11. Let c(d) = -d**2 - 5*d + 3. Give c(g).
7
Suppose 3*i + 3*j - 9 = 0, 5*j = -2*i - 0*j. Let y(m) = -3 - m + 3. Give y(i).
-5
Let d(l) = l**2 + 8*l + 10. Let x be d(-6). Let m(p) be the first derivative of 2*p**3/3 - p**2/2 - 2*p - 2. Give m(x).
8
Suppose -2*n - 5 = -5*l, -14 = -n - 5*l + 6. Let d(z) = z**2 - 5*z - 2. Determine d(n).
-2
Suppose 0 = 3*t - 4*t - 6. Let u be (-30)/(-5)*(-2)/t. Let q(d) = 0*d**2 - 1 + 5*d + 3*d**u - 4*d**2. What is q(5)?
-1
Suppose 10*r - 7*r = 9. Let a(o) = 2*o**r + 1 + o**3 - 2*o**2 - 6*o**3 + 4*o**3. Determine a(-1).
-2
Let l(j) = 4*j - 2. Let r(s) = -5*s + 1. Let v(m) = -3*l(m) - 2*r(m). Give v(2).
0
Let r be ((-6)/4 + 2)*0. Let i(w) = r*w + 7 + 0 + w. Determine i(-5).
2
Let s be 0/(-1)*7/21. Let a(r) be the second derivative of -r**5/20 + r**3/6 - 3*r**2/2 - r. What is a(s)?
-3
Suppose n + 6 = -5*k - 15, -3*k - 9 = -3*n. Let d(x) be the second derivative of -7*x**3/6 + 8*x. Determine d(n).
7
Suppose -5*o + z - 5 = 0, 5*z = -0*o - 4*o - 4. Let w(l) = -2*l - 1. Determine w(o).
1
Let x(u) = u - 16 + 0*u**3 - u**3 + 5*u**2 - 19 + 28. What is x(5)?
-2
Let p(i) = -i**3 - 2*i**2 + 2*i - 2. Suppose 0 = 3*r - 6*r - 12. Let b be (-117)/36 - 1/r. What is p(b)?
1
Let b(r) = -20*r**2 + 2*r + 33. Let c(g) = 7*g**2 - g - 11. Let o(d) = 6*b(d) + 17*c(d). What is o(-8)?
-13
Let t(h) = 2*h - 2*h - h. Let j = 5 - 11. Determine t(j).
6
Let i(f) = -f + 15. Let v be i(9). Let h(t) be the third derivative of -t**6/120 + t**5/12 + 5*t**4/24 + 2*t**3/3 - 4*t**2. Calculate h(v).
-2
Let q = -67 + 62. Let g(s) = -s**3 - 6*s**2 - 5*s - 4. Calculate g(q).
-4
Let z(r) = 7*r**2. Suppose 0 = 6*l - 7*l + 9. Suppose -2*u + 0*b - b = -l, 0 = -5*u - 3*b + 22. Suppose 2 = u*m - 3. Calculate z(m).
7
Suppose 3*q = 10 + 5. Let r(l) = l**3 - 6*l**2 + 4*l + 3. Give r(q).
-2
Let r = 10 - 10. Let t(l) = l**2 - l - 7. Determine t(r).
-7
Let l(r) = -r**2 - 5*r + 7. Let a = -30 - -24. Determine l(a).
1
Suppose 0 = -0*i - 5*i + 2*p + 6, -i - 2*p = 6. Let h(k) = k - 8. Calculate h(i).
-8
Let k(c) = 8 + 5 + c - 19. Suppose -5*s + 14 = 34. Let y be 10/s*(-8)/4. Give k(y).
-1
Let r(h) = h**3 - 4*h**2 + 3*h - 3. Let j(v) = -v. Let u be j(-11). Suppose d - 3*p = -6*p + u, -10 = -2*d - 2*p. What is r(d)?
-5
Let i(r) = -11 + 5 + 5 + 3*r + 3*r. Determine i(1).
5
Let t(b) = -b**3 + 4*b**2 - b - 1. Suppose -5 = -3*g + 46. Suppose -k + 20 = g. Calculate t(k).
5
Let y(z) = -z**3 + z**2 + 3. Let x be y(0). Suppose 2*t - x = t. Let s(f) = -f + 4*f - f - 4. Determine s(t).
2
Suppose 9*j - 2*g - 19 = 4*j, 5*j + 2*g - 11 = 0. Let o(q) = 7*q - 1. Calculate o(j).
20
Let u = 6 + -5. Let i(o) = -15*o**3 + o**2 + o - 1. What is i(u)?
-14
Suppose -2*z = 2*u + 20, 2*u = 5*u + 4*z + 33. Let d(l) = l**2 + 5*l - 7. Give d(u).
7
Let v(c) = 15 + 7*c + 20 - 33. What is v(-2)?
-12
Let a(c) be the first derivative of 5*c**3/3 + c**2 - c + 12. Determine a(1).
6
Let q = -4 - -10. Suppose -3*h - f - 6 = 0, 0*h + 5*f = -3*h + q. Let t be -3*h/(-3 - 0). Let y(i) = -i**2 + 1. Determine y(t).
-8
Suppose 5*q = -0*q. Suppose q = -9*w + 4*w. Let p(c) = c**2 + c - 1. Give p(w).
-1
Let a(g) = -g + 3. Let u = 28 - 30. Let c(o) = -5 + 0*o**3 + 3 - o**3 - 3*o**2 - 3*o. Let q be c(u). Calculate a(q).
3
Suppose 0 = 3*r - 4 - 11. Let c(f) = -2*f + 3*f + r*f**2 - f**2 - 2*f**2. Suppose 10 = 3*k + 2*k. What is c(k)?
10
Let v(q) = -q + 6 - 3 - 1 + 1. What is v(-3)?
6
Let x(v) = 8*v - 1. Suppose 1 + 1 = -2*r. Give x(r).
-9
Suppose 5*z = -t - 16, -5*z - 36 = -5*t + t. Let x be ((-2)/(-4))/((-2)/t). Let b = 0 + x. Let o(s) = 9*s + 1. Calculate o(b).
-8
Suppose -2*u + a = -18, 3*u - 5*u + 30 = -4*a. Let w(y) = y. Give w(u).
7
Let v(i) = -i**3 + 4*i**2 - i - 5. Let u = 19 - 15. Determine v(u).
-9
Suppose c + 3 